{"id":422,"date":"2025-05-23T13:24:43","date_gmt":"2025-05-23T13:24:43","guid":{"rendered":"https:\/\/www.manualdodiaadia.com.br\/?page_id=422"},"modified":"2025-05-23T13:24:43","modified_gmt":"2025-05-23T13:24:43","slug":"transparencia-de-conteudo","status":"publish","type":"page","link":"https:\/\/www.manualdodiaadia.com.br\/blog\/transparencia-de-conteudo\/","title":{"rendered":"Transpar\u00eancia de Conte\u00fado"},"content":{"rendered":"<p data-start=\"231\" data-end=\"459\">No <a href=\"https:\/\/www.manualdodiaadia.com.br\/\"><strong data-start=\"234\" data-end=\"257\">Manual do Dia a Dia<\/strong><\/a>, prezamos pela <strong data-start=\"273\" data-end=\"307\">clareza, confian\u00e7a e qualidade<\/strong> de tudo o que oferecemos.<\/p>\n<p data-start=\"231\" data-end=\"459\">Por isso, criamos esta p\u00e1gina para explicar de forma objetiva como os conte\u00fados dos nossos eBooks s\u00e3o produzidos e validados.<\/p>\n<h3 data-start=\"461\" data-end=\"498\">Como nossos conte\u00fados s\u00e3o criados<\/h3>\n<p data-start=\"500\" data-end=\"749\">Todo o conte\u00fado publicado em nossos eBooks \u00e9 <strong data-start=\"545\" data-end=\"601\">gerado com o aux\u00edlio de Intelig\u00eancia Artificial (IA)<\/strong>.<\/p>\n<p data-start=\"500\" data-end=\"749\">Utilizamos essa tecnologia como uma ferramenta para acelerar a produ\u00e7\u00e3o, ampliar a variedade de temas e entregar materiais did\u00e1ticos e acess\u00edveis.<\/p>\n<p data-start=\"751\" data-end=\"879\">Contudo, <strong data-start=\"760\" data-end=\"801\">a IA n\u00e3o substitui a curadoria humana<\/strong>. Para garantir que o conte\u00fado seja relevante, claro, atualizado e verdadeiro:<\/p>\n<ul data-start=\"881\" data-end=\"1256\">\n<li data-start=\"881\" data-end=\"968\">\n<p data-start=\"883\" data-end=\"968\">Cada eBook passa por <strong data-start=\"904\" data-end=\"942\">an\u00e1lise e revis\u00e3o de especialistas<\/strong> na \u00e1rea do tema abordado.<\/p>\n<\/li>\n<li data-start=\"969\" data-end=\"1140\">\n<p data-start=\"971\" data-end=\"1140\">Temos uma equipe composta por <strong data-start=\"1001\" data-end=\"1076\">criadores de conte\u00fado experientes, profissionais e t\u00e9cnicos capacitados<\/strong>, respons\u00e1veis por revisar, adaptar e <strong data-start=\"1114\" data-end=\"1139\">humanizar a linguagem<\/strong>.<\/p>\n<\/li>\n<li data-start=\"1141\" data-end=\"1256\">\n<p data-start=\"1143\" data-end=\"1256\">Todos os textos s\u00e3o ajustados para promover <strong data-start=\"1187\" data-end=\"1232\">clareza, empatia e aplicabilidade pr\u00e1tica<\/strong> no cotidiano do leitor.<\/p>\n<\/li>\n<\/ul>\n<h3 data-start=\"1258\" data-end=\"1288\">Nosso compromisso com voc\u00ea<\/h3>\n<ul data-start=\"1290\" data-end=\"1671\">\n<li data-start=\"1290\" data-end=\"1433\">\n<p data-start=\"1292\" data-end=\"1433\">\u2705 Garantimos que os eBooks tenham <strong data-start=\"1326\" data-end=\"1347\">utilidade pr\u00e1tica<\/strong> e atendam \u00e0s expectativas de quem busca <strong data-start=\"1388\" data-end=\"1432\">solu\u00e7\u00f5es reais e aplic\u00e1veis no dia a dia<\/strong>.<\/p>\n<\/li>\n<li data-start=\"1434\" data-end=\"1520\">\n<p data-start=\"1436\" data-end=\"1520\">\u2705 Evitamos jarg\u00f5es t\u00e9cnicos desnecess\u00e1rios e explicamos conceitos de forma did\u00e1tica.<\/p>\n<\/li>\n<li data-start=\"1521\" data-end=\"1671\">\n<p data-start=\"1523\" data-end=\"1671\">\u2705 Valorizamos a <strong data-start=\"1539\" data-end=\"1573\">inclusividade e acessibilidade<\/strong>, criando conte\u00fados que podem ser compreendidos por leitores de diferentes n\u00edveis de conhecimento.<\/p>\n<\/li>\n<\/ul>\n<h3 data-start=\"1673\" data-end=\"1697\">Fontes e refer\u00eancias<\/h3>\n<p data-start=\"1699\" data-end=\"1885\">Embora utilizemos IA para compilar e gerar informa\u00e7\u00f5es, todas as refer\u00eancias, dados e instru\u00e7\u00f5es presentes nos materiais s\u00e3o <strong data-start=\"1824\" data-end=\"1878\">checados e validados com base em fontes confi\u00e1veis<\/strong>, como:<\/p>\n<ul data-start=\"1887\" data-end=\"2064\">\n<li data-start=\"1887\" data-end=\"1918\">\n<p data-start=\"1889\" data-end=\"1918\">Artigos t\u00e9cnicos e acad\u00eamicos<\/p>\n<\/li>\n<li data-start=\"1919\" data-end=\"1964\">\n<p data-start=\"1921\" data-end=\"1964\">Guias oficiais de institui\u00e7\u00f5es reconhecidas<\/p>\n<\/li>\n<li data-start=\"1965\" data-end=\"2013\">\n<p data-start=\"1967\" data-end=\"2013\">Experi\u00eancias reais de profissionais de mercado<\/p>\n<\/li>\n<li data-start=\"2014\" data-end=\"2064\">\n<p data-start=\"2016\" data-end=\"2064\">Boas pr\u00e1ticas recomendadas em cada \u00e1rea tem\u00e1tica<\/p>\n<\/li>\n<\/ul>\n<h3 data-start=\"2066\" data-end=\"2101\">Import\u00e2ncia desta transpar\u00eancia<\/h3>\n<p data-start=\"2103\" data-end=\"2297\">Sabemos que a produ\u00e7\u00e3o de conte\u00fado com Intelig\u00eancia Artificial est\u00e1 em expans\u00e3o, mas acreditamos que a <strong data-start=\"2206\" data-end=\"2246\">\u00e9tica e a responsabilidade editorial<\/strong> s\u00e3o fundamentais. Por isso, nos comprometemos com:<\/p>\n<ul data-start=\"2299\" data-end=\"2438\">\n<li data-start=\"2299\" data-end=\"2347\">\n<p data-start=\"2301\" data-end=\"2347\"><strong data-start=\"2301\" data-end=\"2347\">Transpar\u00eancia sobre o processo de produ\u00e7\u00e3o<\/strong><\/p>\n<\/li>\n<li data-start=\"2348\" data-end=\"2394\">\n<p data-start=\"2350\" data-end=\"2394\"><strong data-start=\"2350\" data-end=\"2394\">Credibilidade das informa\u00e7\u00f5es oferecidas<\/strong><\/p>\n<\/li>\n<li data-start=\"2395\" data-end=\"2438\">\n<p data-start=\"2397\" data-end=\"2438\"><strong data-start=\"2397\" data-end=\"2438\">Respeito absoluto ao consumidor final<\/strong><\/p>\n<\/li>\n<\/ul>\n<hr data-start=\"2440\" data-end=\"2443\" \/>\n<h3 data-start=\"2445\" data-end=\"2467\">Em caso de d\u00favidas<\/h3>\n<p data-start=\"2469\" data-end=\"2671\">Se tiver qualquer d\u00favida sobre a origem, a curadoria ou a veracidade de qualquer conte\u00fado, entre em contato com nossa equipe pelo WhatsApp (11) 93345-2139 ou pelo e-mail: <a class=\"cursor-pointer\" rel=\"noopener\" data-start=\"2640\" data-end=\"2670\">contato@manualdodiaadia.com.br<\/a>.<\/p>\n<p data-start=\"2673\" data-end=\"2734\">Estamos sempre dispon\u00edveis para ouvir, esclarecer e melhorar!<\/p>\n","protected":false},"excerpt":{"rendered":"<p>No Manual do Dia a Dia, prezamos pela clareza, confian\u00e7a e qualidade de tudo o que oferecemos. Por isso, criamos esta p\u00e1gina para explicar de forma objetiva como os conte\u00fados dos nossos eBooks s\u00e3o produzidos e validados. Como nossos conte\u00fados s\u00e3o criados Todo o conte\u00fado publicado em nossos eBooks \u00e9 gerado com o aux\u00edlio de Intelig\u00eancia Artificial (IA). Utilizamos essa tecnologia como uma ferramenta para acelerar a produ\u00e7\u00e3o, ampliar a variedade de temas e entregar materiais did\u00e1ticos e acess\u00edveis. Contudo, [&hellip;]<\/p>\n","protected":false},"author":1,"featured_media":0,"parent":0,"menu_order":0,"comment_status":"closed","ping_status":"open","template":"","meta":{"site-sidebar-layout":"default","site-content-layout":"","ast-site-content-layout":"default","site-content-style":"default","site-sidebar-style":"default","ast-global-header-display":"","ast-banner-title-visibility":"","ast-main-header-display":"","ast-hfb-above-header-display":"","ast-hfb-below-header-display":"","ast-hfb-mobile-header-display":"","site-post-title":"","ast-breadcrumbs-content":"","ast-featured-img":"","footer-sml-layout":"","ast-disable-related-posts":"","theme-transparent-header-meta":"default","adv-header-id-meta":"","stick-header-meta":"default","header-above-stick-meta":"","header-main-stick-meta":"","header-below-stick-meta":"","astra-migrate-meta-layouts":"set","ast-page-background-enabled":"default","ast-page-background-meta":{"desktop":{"background-color":"var(--ast-global-color-5)","background-image":"","background-repeat":"repeat","background-position":"center center","background-size":"auto","background-attachment":"scroll","background-type":"","background-media":"","overlay-type":"","overlay-color":"","overlay-opacity":"","overlay-gradient":""},"tablet":{"background-color":"","background-image":"","background-repeat":"repeat","background-position":"center center","background-size":"auto","background-attachment":"scroll","background-type":"","background-media":"","overlay-type":"","overlay-color":"","overlay-opacity":"","overlay-gradient":""},"mobile":{"background-color":"","background-image":"","background-repeat":"repeat","background-position":"center center","background-size":"auto","background-attachment":"scroll","background-type":"","background-media":"","overlay-type":"","overlay-color":"","overlay-opacity":"","overlay-gradient":""}},"ast-content-background-meta":{"desktop":{"background-color":"var(--ast-global-color-4)","background-image":"","background-repeat":"repeat","background-position":"center center","background-size":"auto","background-attachment":"scroll","background-type":"","background-media":"","overlay-type":"","overlay-color":"","overlay-opacity":"","overlay-gradient":""},"tablet":{"background-color":"var(--ast-global-color-4)","background-image":"","background-repeat":"repeat","background-position":"center center","background-size":"auto","background-attachment":"scroll","background-type":"","background-media":"","overlay-type":"","overlay-color":"","overlay-opacity":"","overlay-gradient":""},"mobile":{"background-color":"var(--ast-global-color-4)","background-image":"","background-repeat":"repeat","background-position":"center center","background-size":"auto","background-attachment":"scroll","background-type":"","background-media":"","overlay-type":"","overlay-color":"","overlay-opacity":"","overlay-gradient":""}},"footnotes":""},"class_list":["post-422","page","type-page","status-publish","hentry"],"_links":{"self":[{"href":"https:\/\/www.manualdodiaadia.com.br\/blog\/wp-json\/wp\/v2\/pages\/422","targetHints":{"allow":["GET"]}}],"collection":[{"href":"https:\/\/www.manualdodiaadia.com.br\/blog\/wp-json\/wp\/v2\/pages"}],"about":[{"href":"https:\/\/www.manualdodiaadia.com.br\/blog\/wp-json\/wp\/v2\/types\/page"}],"author":[{"embeddable":true,"href":"https:\/\/www.manualdodiaadia.com.br\/blog\/wp-json\/wp\/v2\/users\/1"}],"replies":[{"embeddable":true,"href":"https:\/\/www.manualdodiaadia.com.br\/blog\/wp-json\/wp\/v2\/comments?post=422"}],"version-history":[{"count":0,"href":"https:\/\/www.manualdodiaadia.com.br\/blog\/wp-json\/wp\/v2\/pages\/422\/revisions"}],"wp:attachment":[{"href":"https:\/\/www.manualdodiaadia.com.br\/blog\/wp-json\/wp\/v2\/media?parent=422"}],"curies":[{"name":"wp","href":"https:\/\/api.w.org\/{rel}","templated":true}]}}